{"id":2,"date":"2010-12-24T15:41:46","date_gmt":"2010-12-24T15:41:46","guid":{"rendered":"http:\/\/www.stephanrath.com\/wordpress\/?page_id=2"},"modified":"2018-05-25T09:54:16","modified_gmt":"2018-05-25T09:54:16","slug":"eine-seite","status":"publish","type":"page","link":"http:\/\/www.stephanrath.com\/?page_id=2","title":{"rendered":"Kontakt \/ Datenschutzbestimmungen"},"content":{"rendered":"<h4 style=\"text-align: left;\"><strong><span style=\"color: #000000;\">SOULSVILLE MANAGEMENT &amp; MARKETING<\/span><\/strong><\/h4>\n<p><span style=\"color: #000000;\"><strong><strong><a href=\"http:\/\/www.stephanrath.com\/wp-content\/uploads\/2010\/12\/Walk+in+New+York+-+Vintage+-+Postcard+-+Park+Avenue.jpg\"><img loading=\"lazy\" class=\"alignleft wp-image-923 size-medium\" src=\"http:\/\/www.stephanrath.com\/wp-content\/uploads\/2010\/12\/Walk+in+New+York+-+Vintage+-+Postcard+-+Park+Avenue-300x186.jpg\" alt=\"Walk+in+New+York+-+Vintage+-+Postcard+-+Park+Avenue\" width=\"300\" height=\"186\" srcset=\"http:\/\/www.stephanrath.com\/wp-content\/uploads\/2010\/12\/Walk+in+New+York+-+Vintage+-+Postcard+-+Park+Avenue-300x186.jpg 300w, http:\/\/www.stephanrath.com\/wp-content\/uploads\/2010\/12\/Walk+in+New+York+-+Vintage+-+Postcard+-+Park+Avenue-1024x635.jpg 1024w, http:\/\/www.stephanrath.com\/wp-content\/uploads\/2010\/12\/Walk+in+New+York+-+Vintage+-+Postcard+-+Park+Avenue.jpg 1516w\" sizes=\"(max-width: 300px) 100vw, 300px\" \/><\/a>Stephan Rath<\/strong><\/strong><\/span><\/p>\n<p style=\"text-align: left;\"><span style=\"color: #000000;\">Soulsville Management<br \/>\nRehhoffstr. 8a<br \/>\n20459 Hamburg<br \/>\nTel.: ++49-(0)40-43138660<br \/>\nFax: ++49-(0)40-43138663<br \/>\nemail: stephan(at)soulsville.de<\/span><\/p>\n<address style=\"text-align: left;\">\n<h5><strong>Datenschutzbestimmungen <\/strong><\/h5>\n<h5><strong>\u00a0<\/strong><\/h5>\n<h5><strong>Einleitung und Begriffe<\/strong><\/h5>\n<h5>1.\u00a0\u00a0\u00a0\u00a0\u00a0\u00a0 Einleitung<\/h5>\n<h5>Mit dem Betrieb unserer Webseite <a href=\"http:\/\/www.tocotronic.de\">stephanrath.com<\/a> (im Folgenden \u201eWebseite\u201c genannt) verarbeiten wir personenbezogene Daten. Diese werden von uns vertraulich behandelt und nach den geltenden Gesetzen \u2013 insbesondere der Datenschutzgrundverordnung (DSGVO) und des Bundesdatenschutzgesetzes (BDSG-neu) \u2013 verarbeitet. Mit unseren Datenschutzbestimmungen wollen wir Sie informieren, welche personenbezogenen Daten wir von Ihnen erheben, zu welchen Zwecken und auf welcher Rechtsgrundlage wir sie verwenden und gegebenenfalls wem wir sie offenlegen. Dar\u00fcber hinaus werden wir Ihnen erkl\u00e4ren, welche Rechte Ihnen zur Wahrung und Durchsetzung Ihres Datenschutzes zustehen.<\/h5>\n<h5>2.\u00a0\u00a0\u00a0\u00a0\u00a0\u00a0 Begriffe<\/h5>\n<h5>Unsere Datenschutzbestimmungen enthalten Fachbegriffe, die in der DSGVO und dem BDSG-neu stehen. Zu Ihrem besseren Verst\u00e4ndnis wollen wir diese Begriffe in einfachen Worten vorab erkl\u00e4ren:<\/h5>\n<h5>2.1\u00a0\u00a0\u00a0\u00a0\u00a0\u00a0 Personenbezogene Daten<\/h5>\n<h5><u>\u201ePersonenbezogene Daten\u201c<\/u> sind alle Informationen, die sich auf eine identifizierte oder identifizierbare Person beziehen (Art. 4 Nr. 1 DSGVO). Angaben einer identifizierten Person k\u00f6nnen z.B. der Name oder die E-Mail-Adresse sein. Personenbezogen sind aber auch Daten, bei denen die Identit\u00e4t nicht unmittelbar ersichtlich ist, sich aber ermitteln l\u00e4sst, indem man eigene oder fremde Informationen kombiniert und so erf\u00e4hrt, um wen es sich handelt. Eine Person wird z.B. \u00fcber die Angabe ihrer Anschrift oder Bankverbindung, ihres Geburtsdatums oder Benutzernamens, ihrer IP-Adressen und\/oder Standortdaten identifizierbar. Relevant sind hier alle Informationen, die in irgendeiner Weise einen R\u00fcckschluss auf eine Person zulassen.<\/h5>\n<h5>2.2\u00a0\u00a0\u00a0\u00a0\u00a0\u00a0 Verarbeitung<\/h5>\n<h5>Unter einer \u201e<u>Verarbeitung<\/u>\u201c versteht Art. 4 Nr. 2 DSGVO jeden Vorgang im Zusammenhang mit personenbezogenen Daten. Dies betrifft insbesondere das Erheben, das Erfassen, die Organisation, das Ordnen, die Speicherung, die Anpassung oder Ver\u00e4nderung, das Auslesen, das Abfragen, die Verwendung, die Offenlegung, \u00dcbermittlung, Verbreitung oder eine andere Form der Bereitstellung, den Abgleich oder die Verkn\u00fcpfung, die Einschr\u00e4nkung, das L\u00f6schen oder die Vernichtung von personenbezogenen Daten.<\/h5>\n<h5>Verantwortliches Unternehmen<\/h5>\n<h5><em>3.\u00a0\u00a0\u00a0\u00a0\u00a0\u00a0 <\/em>Verantwortlicher<\/h5>\n<h5>Verantwortlich f\u00fcr die Datenverarbeitung ist:<\/h5>\n<h5>Unternehmen:\u00a0\u00a0\u00a0\u00a0\u00a0\u00a0\u00a0\u00a0\u00a0\u00a0\u00a0\u00a0\u00a0\u00a0\u00a0\u00a0\u00a0\u00a0\u00a0\u00a0 Stephan Rath \/ Soulsville Management<\/h5>\n<h5>Anschrift: \u00a0\u00a0\u00a0\u00a0\u00a0\u00a0\u00a0\u00a0\u00a0\u00a0\u00a0\u00a0\u00a0\u00a0\u00a0\u00a0\u00a0\u00a0\u00a0\u00a0\u00a0\u00a0\u00a0\u00a0\u00a0\u00a0\u00a0\u00a0 Rehhoffstra\u00dfe 8a &#8211; 20459 Hamburg<\/h5>\n<h5>Telefon: \u00a0\u00a0\u00a0\u00a0\u00a0\u00a0\u00a0\u00a0\u00a0\u00a0\u00a0\u00a0\u00a0\u00a0\u00a0\u00a0\u00a0\u00a0\u00a0\u00a0\u00a0\u00a0\u00a0\u00a0\u00a0\u00a0\u00a0\u00a0\u00a0\u00a0\u00a0 +49 (0) 40 43138660<\/h5>\n<h5>Fax: \u00a0\u00a0\u00a0\u00a0\u00a0\u00a0\u00a0\u00a0\u00a0\u00a0\u00a0\u00a0\u00a0\u00a0\u00a0\u00a0\u00a0\u00a0\u00a0\u00a0\u00a0\u00a0\u00a0\u00a0\u00a0\u00a0\u00a0\u00a0\u00a0\u00a0\u00a0\u00a0\u00a0\u00a0\u00a0\u00a0\u00a0\u00a0\u00a0 +49 (0) 40 43138663<\/h5>\n<h5>E-Mail: \u00a0\u00a0\u00a0\u00a0\u00a0\u00a0\u00a0\u00a0\u00a0\u00a0\u00a0\u00a0\u00a0\u00a0\u00a0\u00a0\u00a0\u00a0\u00a0\u00a0\u00a0\u00a0\u00a0\u00a0\u00a0\u00a0\u00a0\u00a0\u00a0\u00a0\u00a0\u00a0\u00a0 <a href=\"mailto:info@tocotronic.de\">stephan(a)soulsville.de<\/a><\/h5>\n<h5><em><strong>\u00a0<\/strong><\/em><\/h5>\n<h5><em><strong>\u00a0<\/strong><\/em><\/h5>\n<h5><strong>Verarbeitungsrahmen<\/strong><\/h5>\n<h5>4.\u00a0\u00a0\u00a0\u00a0\u00a0\u00a0 Verarbeitungsrahmen: Webseite<\/h5>\n<h5>Im Rahmen der Webseite mit der URL stephanrath.com verarbeiten wir die nachfolgend unter Ziffer 5-9 im Einzelnen aufgef\u00fchrten personenbezogenen Daten von Ihnen. Wir verarbeiten nur Daten von Ihnen, die Sie aktiv auf unserer Webseite angeben (z.B. durch das Ausf\u00fcllen von Formularen) oder die Sie bei der Nutzung unseres Angebotes automatisch zur Verf\u00fcgung stellen.<\/h5>\n<h5>Ihre Daten werden ausschlie\u00dflich von uns verarbeitet und grunds\u00e4tzlich nicht an Dritte verkauft, verliehen oder weitergegeben. Sofern wir uns bei der Verarbeitung Ihrer personenbezogenen Daten der Hilfe externer Dienstleister bedienen, erfolgt dies im Rahmen einer sogenannten Auftragsverarbeitung, bei der wir als Auftraggeber unserem Auftragnehmern gegen\u00fcber weisungsbefugt sind. Zum Betrieb unserer Webseite setzen wir f\u00fcr das Hosting, sowie zur Wartung, Pflege und Weiterentwicklung externe Dienstleister ein. Sollten bei einzelnen, der in Ziffern 5-9 aufgef\u00fchrten Verarbeitungen weitere externe Dienstleister zum Einsatz kommen, werden sie dort benannt.<\/h5>\n<h5>Eine Daten\u00fcbermittlung in Drittstaaten findet grunds\u00e4tzlich nicht statt und ist auch nicht geplant. \u00dcber Ausnahmen von diesem Grundsatz werden wir in den nachfolgend dargestellten Verarbeitungen informieren.<\/h5>\n<h5><strong>Die VERARBEITUNGEN Im Einzelnen<\/strong><\/h5>\n<h5>5.\u00a0\u00a0\u00a0\u00a0\u00a0\u00a0 Bereitstellung der Webseite und Server-Logfiles<\/h5>\n<h5>5.1\u00a0\u00a0\u00a0\u00a0\u00a0\u00a0 Beschreibung der Verarbeitung<\/h5>\n<h5>Bei jedem Aufruf der Webseite erfassen wir automatisch Informationen, die Ihr Browser an unseren Server \u00fcbermittelt. Diese werden auch in den sogenannten Logfiles unseres Systems gespeichert. Dabei handelt es sich um die folgenden Daten:<\/h5>\n<ul>\n<li>\n<h5>Ihre IP-Adresse<\/h5>\n<\/li>\n<li>\n<h5>die von Ihnen verwendete Browsersoftware, sowie deren Version und Sprache<\/h5>\n<\/li>\n<li>\n<h5>das von Ihnen verwendete Betriebssystem<\/h5>\n<\/li>\n<li>\n<h5>die Webseite, von der Sie auf unsere Webseite gelangt sind (sogenannter Referrer)<\/h5>\n<\/li>\n<li>\n<h5>die von Ihnen auf unserer Webseite aufgerufenen Unterseiten<\/h5>\n<\/li>\n<li>\n<h5>das Datum und die Uhrzeit Ihres Aufrufes unserer Webseite<\/h5>\n<\/li>\n<li>\n<h5>Ihr Internet-Service-Provider<\/h5>\n<\/li>\n<li>\n<h5>\u00dcbertragene Datenmenge<\/h5>\n<\/li>\n<\/ul>\n<h5><\/h5>\n<h5>Die vor\u00fcbergehende Speicherung Ihrer IP-Adresse durch das System ist notwendig, um unsere Webseite an das Endger\u00e4t eines Nutzers ausliefern zu k\u00f6nnen. Hierf\u00fcr muss die IP-Adresse des Nutzers f\u00fcr die Dauer der Sitzung gespeichert bleiben.<\/h5>\n<h5>5.2\u00a0\u00a0\u00a0\u00a0\u00a0\u00a0 Zweck<\/h5>\n<h5>Die Verarbeitung erfolgt, um den Aufruf der Webseite zu erm\u00f6glichen, sowie deren Stabilit\u00e4t und Sicherheit zu gew\u00e4hrleisten. Dar\u00fcber hinaus dient die Verarbeitung der statistischen Auswertung und Verbesserung unseres Online-Angebotes.<\/h5>\n<h5>5.3\u00a0\u00a0\u00a0\u00a0\u00a0\u00a0 Rechtsgrundlage<\/h5>\n<h5>Die Verarbeitung ist zur Wahrung der \u00fcberwiegenden berechtigten Interessen des Verantwortlichen erforderlich (Art. 6 Abs. 1 lit. f DSGVO). Unser berechtigtes Interesse liegt in dem, in Ziffer 5.2 benannten Zweck.<\/h5>\n<h5>5.4\u00a0\u00a0\u00a0\u00a0\u00a0\u00a0 Speicherdauer<\/h5>\n<h5>Die Daten werden gel\u00f6scht, sobald sie f\u00fcr die Erreichung des Zweckes ihrer Erhebung nicht mehr erforderlich sind. Im Falle der Erfassung der Daten zur Bereitstellung der Website ist dies der Fall, wenn die jeweilige Sitzung beendet ist. Eine L\u00f6schung der Logfiles erfolgt nach 30 Tagen.<\/h5>\n<h5>6.\u00a0\u00a0\u00a0\u00a0\u00a0\u00a0 Kontaktaufnahme per E-Mail<\/h5>\n<h5>6.1\u00a0\u00a0\u00a0\u00a0\u00a0\u00a0 Beschreibung der Verarbeitung<\/h5>\n<h5>Sie k\u00f6nnen \u00fcber die auf der Webseite angegebenen E-Mail-Adressen Kontakt mit uns aufnehmen. In diesem Fall werden die mit der E-Mail \u00fcbermittelten personenbezogenen Daten durch uns verarbeitet.<\/h5>\n<h5>6.2\u00a0\u00a0\u00a0\u00a0\u00a0\u00a0 Zweck<\/h5>\n<h5>Mit der Bereitstellung einer E-Mail zur Kontaktaufnahme auf unserer Webseite wollen wir Ihnen eine M\u00f6glichkeit anbieten, sich mit uns in Verbindung zu setzen. Die mit und in Ihrer E-Mail \u00fcbermittelten Daten werden ausschlie\u00dflich zum Zwecke der Bearbeitung und Beantwortung Ihres Anliegens verwendet.<\/h5>\n<h5>6.3\u00a0\u00a0\u00a0\u00a0\u00a0\u00a0 Rechtsgrundlage<\/h5>\n<h5>Die Verarbeitung ist zur Wahrung der \u00fcberwiegenden berechtigten Interessen des Verantwortlichen erforderlich (Art. 6 Abs. 1 lit. f DSGVO). Unser berechtigtes Interesse liegt in dem, in Ziffer 6.2 benannten Zweck. Sofern der E-Mail-Kontakt auf den Abschluss oder der Erf\u00fcllung eines Vertrages abzielt, so erfolgt die Datenverarbeitung zur Vertragserf\u00fcllung (Art. 6 Abs. 1 lit. b DSGVO).<\/h5>\n<h5>6.4\u00a0\u00a0\u00a0\u00a0\u00a0\u00a0 Speicherdauer<\/h5>\n<h5>Die Daten werden von uns gel\u00f6scht, sobald sie f\u00fcr die Erreichung des Zweckes ihrer Erhebung nicht mehr erforderlich sind. Dies ist f\u00fcr gew\u00f6hnlich der Fall, wenn die jeweilige Kommunikation mit Ihnen beendet ist. Beendet ist die Kommunikation dann, wenn sich aus den Umst\u00e4nden entnehmen l\u00e4sst, dass Ihr Anliegen abschlie\u00dfend gekl\u00e4rt ist. Sofern gesetzliche Aufbewahrungsfristen einer L\u00f6schung entgegenstehen, erfolgt eine L\u00f6schung unverz\u00fcglich nach Ablauf der gesetzlichen Aufbewahrungsfrist.<\/h5>\n<h5>7.\u00a0\u00a0\u00a0\u00a0\u00a0\u00a0 Cookies<\/h5>\n<h5>7.1\u00a0\u00a0\u00a0\u00a0\u00a0\u00a0 Beschreibung der Verarbeitung<\/h5>\n<h5>Unsere Webseite verwendet Cookies. Bei Cookies handelt es sich um kleine Textdateien, die beim Besuch einer Webseite auf dem Endger\u00e4t des Nutzers gespeichert werden. Cookies enthalten Informationen, die die Wiedererkennung eines Endger\u00e4tes und ggf. bestimmte Funktionen einer Webseite erm\u00f6glichen. Zumeist setzen wir lediglich so genannte \u201eSession-Cookies\u201c ein. Diese werden automatisch gel\u00f6scht, wenn Sie Ihre Internetsitzung beenden und den Browser schlie\u00dfen. Andere Cookies bleiben f\u00fcr einen l\u00e4ngeren Zeitraum auf Ihrem Endger\u00e4t gespeichert.<\/h5>\n<h5>7.2\u00a0\u00a0\u00a0\u00a0\u00a0\u00a0 Zweck<\/h5>\n<h5>Wir setzen Cookies ein, um unsere Webseite nutzerfreundlicher zu gestalten und die in Ziffer 7.1 beschrieben Funktionen anzubieten.<\/h5>\n<h5>7.3\u00a0\u00a0\u00a0\u00a0\u00a0\u00a0 Rechtsgrundlage<\/h5>\n<h5>Die Verarbeitung ist zur Wahrung der \u00fcberwiegenden berechtigten Interessen des Verantwortlichen erforderlich (Art. 6 Abs. 1 lit. f DSGVO). Unser berechtigtes Interesse liegt in dem, in Ziffer 7.2 benannten Zweck.<\/h5>\n<h5>7.4\u00a0\u00a0\u00a0\u00a0\u00a0\u00a0 Speicherdauer<\/h5>\n<h5>Cookies werden automatisch mit dem Ende einer Sitzung bzw. mit Ablauf der angegebenen Speicherdauer gel\u00f6scht. Da Cookies auf Ihrem Endger\u00e4t gespeichert werden, haben Sie als Nutzer auch die volle Kontrolle \u00fcber die Verwendung von Cookies. Durch eine \u00c4nderung der Einstellungen in Ihrem Internetbrowser k\u00f6nnen Sie die \u00dcbertragung von Cookies deaktivieren oder einschr\u00e4nken. Bereits gespeicherte Cookies k\u00f6nnen jederzeit gel\u00f6scht werden. Dies kann auch automatisiert erfolgen. Werden Cookies f\u00fcr unsere Webseite deaktiviert, k\u00f6nnen einzelne Funktionen unserer Webseite nicht oder nur eingeschr\u00e4nkt genutzt werden.<\/h5>\n<h5>8.\u00a0\u00a0\u00a0\u00a0\u00a0\u00a0 Soziale Netzwerke<\/h5>\n<h5>Unsere Webseite verwendet keine sogenannten Social Media Plugins. Die auf unserer Webseite angezeigten Logos der Sozialen Netzwerke Facebook, Youtube, Instagram sind lediglich mit den entsprechenden Profilen unseres Unternehmens verlinkt. Wenn Sie eines der Logos anklicken, werden Sie auf die externe Webseite des jeweiligen Sozialen Netzwerks weitergeleitet.<\/h5>\n<h5>9.\u00a0\u00a0\u00a0\u00a0\u00a0\u00a0 YouTube-Videos<\/h5>\n<h5>9.1\u00a0\u00a0\u00a0\u00a0\u00a0\u00a0 Beschreibung der Verarbeitung<\/h5>\n<h5>Unsere Webseite verwendet Dienste von \u201eYouTube\u201c einer Videoplattform, die von der YouTube LLC, 901 Cherry Avenue, San Bruno, CA 94066, USA betrieben wird (nachfolgend \u201eYoutube\u201c genannt). YouTube wird vertreten durch die Google LLC, 1600 Amphitheatre Parkway, Mountain View, CA 94043, USA. Wir nutzen YouTube, indem wir einzelne Videos von der Plattform auf unserer Webseite als sogenannten iFrame einbetten (embedding), so dass sie direkt auf unserer Webseite abspielbar sind. Die Videos sind in dem auf YouTube angebotenen \u201eerweiterten Datenschutz-Modus\u201c eingebunden, d.\u2009h. es werde keine personenbezogenen Daten von Ihnen an Google \u00fcbertragen werden, solange Sie die Videos nicht abspielen. Erst durch das Abspielen eines Videos erfolgt eine Daten\u00fcbertragung an Google, auf die wir keinen Einfluss haben. Wenn Sie auf einer Unterseite unserer Webseite ein dort eingebettetes Video abspielen, wird an Google \u00fcbermittelt, welche Unterseite Sie besucht und welches Video Sie sich angesehen haben. Ggf. wird auch Ihre IP-Adresse an Google \u00fcbertragen. Sofern Sie dabei als YouTube- bzw. Google-Nutzer eingeloggt sind, ordnet Google diese Informationen Ihrem Benutzerkonto zu. Google speichert Ihre Daten als Nutzungsprofile und nutzt sie f\u00fcr Werbezwecke, zur Marktforschung und\/oder zur bedarfsgerechten Gestaltung der Google-Webseiten. Ihnen steht gegen die Bildung dieser Nutzerprofile ein Widerspruchsrecht zu, f\u00fcr dessen Aus\u00fcbung Sie sich direkt an Google wenden m\u00fcssen. Weitere Informationen zum Datenschutz bei Google finden sie unter http:\/\/www.google.com\/intl\/de-DE\/policies\/privacy\/.<\/h5>\n<h5>9.2\u00a0\u00a0\u00a0\u00a0\u00a0\u00a0 Zweck<\/h5>\n<h5>Die Verarbeitung erfolgt, um Ihnen Videos auf unserer Webseite anzeigen zu k\u00f6nnen.<\/h5>\n<h5>9.3\u00a0\u00a0\u00a0\u00a0\u00a0\u00a0 Rechtsgrundlage<\/h5>\n<h5>Die Verarbeitung ist zur Wahrung der \u00fcberwiegenden berechtigten Interessen des Verantwortlichen erforderlich (Art. 6 Abs. 1 lit. f DSGVO). Unser berechtigtes Interesse liegt in dem, in Ziffer 9.2 benannten Zweck.<\/h5>\n<h5>9.4\u00a0\u00a0\u00a0\u00a0\u00a0\u00a0 Empf\u00e4nger und \u00dcbermittlung in Drittstaaten<\/h5>\n<h5>Durch die Einbindung von YouTube werden ggf. personenbezogenen Daten an YouTube LLC bzw. Google \u00fcbermittelt. Google verarbeitet Ihre personenbezogenen Daten auch in den USA und hat sich dem EU-US-Privacy-Shield unterworfen. Weitere Informationen zum EU-US-Privacy-Shield finden Sie unter https:\/\/www.privacyshield.gov\/EU-US-Framework.<\/h5>\n<h5><strong>IHRE RECHTE<br \/>\n<\/strong><\/h5>\n<h5>10.\u00a0\u00a0\u00a0 Betroffenenrechte<\/h5>\n<h5>Im Hinblick auf die oben beschriebene Datenverarbeitung durch unser Unternehmen stehen Ihnen die folgenden Betroffenenrechte zu:<\/h5>\n<h5>10.1\u00a0\u00a0\u00a0 Auskunft (Art. 15 DSGVO)<\/h5>\n<h5>Sie haben das Recht, von uns eine Best\u00e4tigung dar\u00fcber zu verlangen, ob wir Sie betreffende personenbezogene Daten verarbeiten. Ist dies der Fall, steht Ihnen unter den in Art. 15 DSGVO genannten Voraussetzungen ein Recht auf Auskunft \u00fcber diese personenbezogenen Daten und auf die in Art. 15 DSGVO aufgef\u00fchrten weiteren Informationen zu.<\/h5>\n<h5>10.2\u00a0\u00a0\u00a0 Berichtigung (Art. 16 DSGVO)<\/h5>\n<h5>Sie haben das Recht, von uns unverz\u00fcglich die Berichtigung Sie betreffender unrichtiger personenbezogener Daten und ggf. die Vervollst\u00e4ndigung unvollst\u00e4ndiger personenbezogener Daten zu verlangen.<\/h5>\n<h5>10.3\u00a0\u00a0\u00a0 L\u00f6schung (Art. 17 DSGVO)<\/h5>\n<h5>Sie haben das Recht, von uns zu verlangen, dass Sie betreffende personenbezogene Daten unverz\u00fcglich gel\u00f6scht werden, sofern einer der in Art. 17 DSGVO im einzelnen aufgef\u00fchrten Gr\u00fcnde zutrifft, z. B. wenn Ihre Daten f\u00fcr die von uns verfolgten Zwecke nicht mehr ben\u00f6tigt werden.<\/h5>\n<h5>10.4\u00a0\u00a0\u00a0 Einschr\u00e4nkung der Datenverarbeitung (Art. 18 DSGVO)<\/h5>\n<h5>Sie haben das Recht, von uns die Einschr\u00e4nkung der Verarbeitung zu verlangen, wenn eine der in Art. 18 DSGVO aufgef\u00fchrten Voraussetzungen gegeben ist, z. B. wenn Sie die Richtigkeit Ihrer personenbezogenen Daten bestreiten, wird die Datenverarbeitung f\u00fcr die Dauer eingeschr\u00e4nkt, die uns die \u00dcberpr\u00fcfung der Richtigkeit Ihrer Daten erm\u00f6glicht.<\/h5>\n<h5>10.5\u00a0\u00a0\u00a0 Daten\u00fcbertragbarkeit (Art. 20 DSGVO)<\/h5>\n<h5>Sie haben das Recht, unter den in Art. 20 DSGVO aufgef\u00fchrten Voraussetzungen, die Herausgabe der Sie betreffenden Daten in einem strukturierten, g\u00e4ngigen und maschinenlesbaren Format zu verlangen.<\/h5>\n<h5>10.6\u00a0\u00a0\u00a0 Widerruf von Einwilligungen (Art. 7 Abs. 3 DSGVO)<\/h5>\n<h5>Sie haben das Recht, bei einer Verarbeitung, die auf einer Einwilligung beruht, Ihre Einwilligung jederzeit zu widerrufen. Der Widerruf gilt ab dem Zeitpunkt seiner Geltendmachung. Er wirkt mit anderen Worten f\u00fcr die Zukunft. Die Verarbeitung wird durch den Widerruf der Einwilligung also nicht r\u00fcckwirkend rechtswidrig.<\/h5>\n<h5>10.7\u00a0\u00a0\u00a0 Beschwerde (Art. 77 DSGVO)<\/h5>\n<h5>Wenn Sie der Ansicht sind, dass die Verarbeitung der Sie betreffenden personenbezogenen Daten gegen die DSGVO verst\u00f6\u00dft, haben Sie das Recht auf Beschwerde bei einer Aufsichtsbeh\u00f6rde. Sie k\u00f6nnen dieses Recht bei einer Aufsichtsbeh\u00f6rde in dem EU-Mitgliedstaat ihres Aufenthaltsorts, ihres Arbeitsplatzes oder des Orts des mutma\u00dflichen Versto\u00dfes geltend machen.<\/h5>\n<h5>10.8\u00a0\u00a0\u00a0 Verbot automatisierter Entscheidungen\/ Profiling (Art. 22 DSGVO)<\/h5>\n<h5>Entscheidungen, die f\u00fcr Sie rechtliche Folge nach sich ziehen oder Sie erheblich beeintr\u00e4chtigen, d\u00fcrfen nicht ausschlie\u00dflich auf eine automatisierte Verarbeitung personenbezogener Daten \u2013 einschlie\u00dflich eines Profiling \u2013 gest\u00fctzt werden. Wir teilen Ihnen mit, dass wir im Hinblick auf Ihre personenbezogenen Daten keine automatisierte Entscheidungsfindung einschlie\u00dflich Profiling einsetzen.<\/h5>\n<h5>10.9\u00a0\u00a0\u00a0 Widerspruch (Art. 21 DSGVO)<\/h5>\n<h5>Wenn wir personenbezogene Daten von Ihnen auf Grundlage von Art. 6 Abs. 1 lit. f DSGVO (zur Wahrung \u00fcberwiegender berechtigten Interessen) verarbeiten, haben Sie das Recht, unter den in Art. 21 DSGVO aufgef\u00fchrten Voraussetzungen dagegen Widerspruch einzulegen. Dies gilt jedoch nur, soweit Gr\u00fcnde vorliegen, die sich aus Ihrer besonderen Situation ergeben. Nach einem Widerspruch verarbeiten wir Ihre personenbezogenen Daten nicht mehr, es sei denn wir k\u00f6nnen zwingende schutzw\u00fcrdige Gr\u00fcnde f\u00fcr die Verarbeitung nachweisen, die Ihre Interessen, Rechte und Freiheiten \u00fcberwiegen. Wir m\u00fcssen die Verarbeitung ebenfalls nicht einstellen, wenn sie der Geltendmachung, Aus\u00fcbung oder Verteidigung von Rechtsanspr\u00fcchen dient. In jedem Fall \u2013 auch unabh\u00e4ngig von einer besonderen Situation \u2013 haben Sie das Recht, jederzeit Widerspruch gegen die Verarbeitung Ihrer personenbezogenen Daten f\u00fcr Direktwerbung einzulegen.<\/h5>\n<h5><em>Stand: Mai 2018<\/em><\/h5>\n<p><span style=\"color: #000000;\">\u00a0<\/span><\/p>\n<\/address>\n<address style=\"text-align: left;\">\u00a0<\/address>\n","protected":false},"excerpt":{"rendered":"<p>SOULSVILLE MANAGEMENT &amp; MARKETING Stephan Rath Soulsville Management Rehhoffstr. 8a 20459 Hamburg Tel.: ++49-(0)40-43138660 Fax: ++49-(0)40-43138663 email: stephan(at)soulsville.de Datenschutzbestimmungen \u00a0 Einleitung und Begriffe 1.\u00a0\u00a0\u00a0\u00a0\u00a0\u00a0 Einleitung Mit dem Betrieb unserer Webseite stephanrath.com (im Folgenden \u201eWebseite\u201c genannt) verarbeiten wir personenbezogene Daten. Diese&#8230;<\/p>\n","protected":false},"author":1,"featured_media":0,"parent":0,"menu_order":0,"comment_status":"closed","ping_status":"closed","template":"","meta":[],"_links":{"self":[{"href":"http:\/\/www.stephanrath.com\/index.php?rest_route=\/wp\/v2\/pages\/2"}],"collection":[{"href":"http:\/\/www.stephanrath.com\/index.php?rest_route=\/wp\/v2\/pages"}],"about":[{"href":"http:\/\/www.stephanrath.com\/index.php?rest_route=\/wp\/v2\/types\/page"}],"author":[{"embeddable":true,"href":"http:\/\/www.stephanrath.com\/index.php?rest_route=\/wp\/v2\/users\/1"}],"replies":[{"embeddable":true,"href":"http:\/\/www.stephanrath.com\/index.php?rest_route=%2Fwp%2Fv2%2Fcomments&post=2"}],"version-history":[{"count":26,"href":"http:\/\/www.stephanrath.com\/index.php?rest_route=\/wp\/v2\/pages\/2\/revisions"}],"predecessor-version":[{"id":1255,"href":"http:\/\/www.stephanrath.com\/index.php?rest_route=\/wp\/v2\/pages\/2\/revisions\/1255"}],"wp:attachment":[{"href":"http:\/\/www.stephanrath.com\/index.php?rest_route=%2Fwp%2Fv2%2Fmedia&parent=2"}],"curies":[{"name":"wp","href":"https:\/\/api.w.org\/{rel}","templated":true}]}}